{"id":29,"date":"2022-07-04T11:52:43","date_gmt":"2022-07-04T09:52:43","guid":{"rendered":"http:\/\/www.kolping-second-hand.shop\/?page_id=29"},"modified":"2026-03-12T09:30:06","modified_gmt":"2026-03-12T08:30:06","slug":"impressum","status":"publish","type":"page","link":"https:\/\/www.kolping-second-hand.shop\/ansbach\/impressum\/","title":{"rendered":"Impressum"},"content":{"rendered":"\n<h1 class=\"wp-block-heading has-text-align-left\">Impressum<\/h1>\n\n\n\n<p class=\"has-text-align-left\">Kolping-Dienstleistungs-GmbH<\/p>\n\n\n\n<p>Willy-Lessing-Stra\u00dfe 1<br>96047 Bamberg<\/p>\n\n\n\n<p class=\"has-text-align-left\">Sitz der Gesellschaft: Bamberg | Registergericht Bamberg\u00a0 HRB 3403<br>USt-Id: DE190635595<br>Gesch\u00e4ftsf\u00fchrer: Dirk Liebherr, Stefan Bothe<\/p>\n\n\n\n<p class=\"has-text-align-left\">E-Mail: info@kolpingservices.de<br>Tel. 0951 \/ 916710<\/p>\n\n\n\n<div style=\"height:50px\" aria-hidden=\"true\" class=\"wp-block-spacer\"><\/div>\n\n\n\n<p>Realisierung &amp; Umsetzung:<br>Sachs Media \u2013 Online Marketing Agentur \u2013 <a href=\"https:\/\/www.sachs-media.com\/\">www.sachs-media.com<\/a><\/p>\n\n\n\n<div style=\"height:50px\" aria-hidden=\"true\" class=\"wp-block-spacer\"><\/div>\n\n\n\n<p class=\"has-text-align-left\">Copyright\/Hinweise zur Haftung:<\/p>\n\n\n\n<p class=\"has-text-align-left\">Wir freuen uns \u00fcber Ihren Besuch auf unserer Website und Ihr Interesse am Angebot des Kolping Second-Hand Ansbach. Hier finden Sie einige Hinweise zum Copyright und zur Haftung.\u200b<\/p>\n\n\n\n<p class=\"has-text-align-left\">Die Kolping-Dienstleistungs-GmbH Ansbach pr\u00fcft und aktualisiert die Informationen auf seinen Webseiten st\u00e4ndig. Trotz aller Sorgfalt k\u00f6nnen sich die Daten inzwischen ver\u00e4ndert haben. Eine Haftung oder Garantie f\u00fcr die Aktualit\u00e4t, Richtigkeit und Vollst\u00e4ndigkeit der zur Verf\u00fcgung gestellten Informationen&nbsp; kann daher nicht \u00fcbernommen werden.<\/p>\n\n\n\n<p class=\"has-text-align-left\">Gleiches gilt auch f\u00fcr alle anderen Websites, auf die mittels Hyperlink verwiesen wird.\u200b<\/p>\n\n\n\n<p class=\"has-text-align-left\">Zur Beachtung: Mit Urteil vom 12. Mai 1998 hat das Landgericht Hamburg entschieden, dass man durch die Anbringung eines Links die Inhalte der gelinkten Seite ggf. mit zu verantworten hat. Dies kann, so das LG, nur dadurch verhindert werden, indem man sich ausdr\u00fccklich von diesen Inhalten distanziert.<\/p>\n\n\n\n<p class=\"has-text-align-left\">Wir erkl\u00e4ren ausdr\u00fccklich, dass wir keinerlei Einfluss auf die Gestaltung und die Inhalte der gelinkten Seiten haben. Deshalb distanzieren wir uns hiermit ausdr\u00fccklich von allen Inhalten aller gelinkten Seiten auf unseren Internetseiten und machen uns diese Inhalte nicht zu Eigen. Diese Erkl\u00e4rung gilt f\u00fcr alle auf unseren Internetseiten angezeigten Links, die Verbreitung von Artikeln, Texten und Bilder nur mit schriftlicher Genehmigung der Kolping-Dientsleistungs-GmbH Ansbach. Dies gilt auch f\u00fcr die Aufnahme in elektronische Datenbanken und Vervielf\u00e4ltigung auf CD-ROM. Texte und Bilder sind urheberrechtlich gesch\u00fctzt und d\u00fcrfen weder reproduziert noch wiederverwendet oder f\u00fcr gewerbliche Zwecke verwendet werden.\u200b<\/p>\n\n\n\n<p class=\"has-text-align-left\">F\u00fcr den Fall, dass in www.kolping-second-hand.shop unzutreffende Informationen ver\u00f6ffentlicht oder in Programmen oder Datenbanken Fehler enthalten sein sollten, kommt eine Haftung nur bei grober Fahrl\u00e4ssigkeit der Kolping-Dienstleistungs-GmbH Ansbach oder seiner MitarbeiterInnen in Betracht.<\/p>\n","protected":false},"excerpt":{"rendered":"<p>Impressum Kolping-Dienstleistungs-GmbH Willy-Lessing-Stra\u00dfe 196047 Bamberg Sitz der Gesellschaft: Bamberg | Registergericht Bamberg\u00a0 HRB 3403USt-Id: DE190635595Gesch\u00e4ftsf\u00fchrer: Dirk Liebherr, Stefan Bothe E-Mail: info@kolpingservices.deTel. 0951 \/ 916710 Realisierung &amp; Umsetzung:Sachs Media \u2013 Online Marketing Agentur [&hellip;]<\/p>\n","protected":false},"author":1,"featured_media":0,"parent":0,"menu_order":50,"comment_status":"closed","ping_status":"closed","template":"","meta":{"pgc_sgb_lightbox_settings":"","footnotes":""},"class_list":["post-29","page","type-page","status-publish","hentry"],"yoast_head":"<!-- This site is optimized with the Yoast SEO plugin v22.8 - https:\/\/yoast.com\/wordpress\/plugins\/seo\/ -->\n<title>Impressum - Kolping Second-Hand Shop Ansbach<\/title>\n<meta name=\"robots\" content=\"index, follow, max-snippet:-1, max-image-preview:large, max-video-preview:-1\" \/>\n<link rel=\"canonical\" href=\"https:\/\/www.kolping-second-hand.shop\/ansbach\/impressum\/\" \/>\n<meta property=\"og:locale\" content=\"de_DE\" \/>\n<meta property=\"og:type\" content=\"article\" \/>\n<meta property=\"og:title\" content=\"Impressum - Kolping Second-Hand Shop Ansbach\" \/>\n<meta property=\"og:description\" content=\"Impressum Kolping-Dienstleistungs-GmbH Willy-Lessing-Stra\u00dfe 196047 Bamberg Sitz der Gesellschaft: Bamberg | Registergericht Bamberg\u00a0 HRB 3403USt-Id: DE190635595Gesch\u00e4ftsf\u00fchrer: Dirk Liebherr, Stefan Bothe E-Mail: info@kolpingservices.deTel. 0951 \/ 916710 Realisierung &amp; Umsetzung:Sachs Media \u2013 Online Marketing Agentur [&hellip;]\" \/>\n<meta property=\"og:url\" content=\"https:\/\/www.kolping-second-hand.shop\/ansbach\/impressum\/\" \/>\n<meta property=\"og:site_name\" content=\"Kolping Second-Hand Shop\" \/>\n<meta property=\"article:publisher\" content=\"https:\/\/facebook.com\/\" \/>\n<meta property=\"article:modified_time\" content=\"2026-03-12T08:30:06+00:00\" \/>\n<meta name=\"twitter:card\" content=\"summary_large_image\" \/>\n<meta name=\"twitter:label1\" content=\"Gesch\u00e4tzte Lesezeit\" \/>\n\t<meta name=\"twitter:data1\" content=\"2\u00a0Minuten\" \/>\n<script type=\"application\/ld+json\" class=\"yoast-schema-graph\">{\"@context\":\"https:\/\/schema.org\",\"@graph\":[{\"@type\":\"WebPage\",\"@id\":\"https:\/\/www.kolping-second-hand.shop\/ansbach\/impressum\/\",\"url\":\"https:\/\/www.kolping-second-hand.shop\/ansbach\/impressum\/\",\"name\":\"Impressum - Kolping Second-Hand Shop Ansbach\",\"isPartOf\":{\"@id\":\"https:\/\/www.kolping-second-hand.shop\/ansbach\/#website\"},\"datePublished\":\"2022-07-04T09:52:43+00:00\",\"dateModified\":\"2026-03-12T08:30:06+00:00\",\"breadcrumb\":{\"@id\":\"https:\/\/www.kolping-second-hand.shop\/ansbach\/impressum\/#breadcrumb\"},\"inLanguage\":\"de\",\"potentialAction\":[{\"@type\":\"ReadAction\",\"target\":[\"https:\/\/www.kolping-second-hand.shop\/ansbach\/impressum\/\"]}]},{\"@type\":\"BreadcrumbList\",\"@id\":\"https:\/\/www.kolping-second-hand.shop\/ansbach\/impressum\/#breadcrumb\",\"itemListElement\":[{\"@type\":\"ListItem\",\"position\":1,\"name\":\"Startseite\",\"item\":\"https:\/\/www.kolping-second-hand.shop\/ansbach\/\"},{\"@type\":\"ListItem\",\"position\":2,\"name\":\"Impressum\"}]},{\"@type\":\"WebSite\",\"@id\":\"https:\/\/www.kolping-second-hand.shop\/ansbach\/#website\",\"url\":\"https:\/\/www.kolping-second-hand.shop\/ansbach\/\",\"name\":\"Kolping Second-Hand Shop\",\"description\":\"\",\"publisher\":{\"@id\":\"https:\/\/www.kolping-second-hand.shop\/ansbach\/#organization\"},\"potentialAction\":[{\"@type\":\"SearchAction\",\"target\":{\"@type\":\"EntryPoint\",\"urlTemplate\":\"https:\/\/www.kolping-second-hand.shop\/ansbach\/?s={search_term_string}\"},\"query-input\":\"required name=search_term_string\"}],\"inLanguage\":\"de\"},{\"@type\":\"Organization\",\"@id\":\"https:\/\/www.kolping-second-hand.shop\/ansbach\/#organization\",\"name\":\"Kolping Second-Hand Shop Ansbach\",\"url\":\"https:\/\/www.kolping-second-hand.shop\/ansbach\/\",\"logo\":{\"@type\":\"ImageObject\",\"inLanguage\":\"de\",\"@id\":\"https:\/\/www.kolping-second-hand.shop\/ansbach\/#\/schema\/logo\/image\/\",\"url\":\"https:\/\/www.kolping-second-hand.shop\/ansbach\/wp-content\/uploads\/2022\/07\/logo-kolping.png\",\"contentUrl\":\"https:\/\/www.kolping-second-hand.shop\/ansbach\/wp-content\/uploads\/2022\/07\/logo-kolping.png\",\"width\":220,\"height\":49,\"caption\":\"Kolping Second-Hand Shop Ansbach\"},\"image\":{\"@id\":\"https:\/\/www.kolping-second-hand.shop\/ansbach\/#\/schema\/logo\/image\/\"},\"sameAs\":[\"https:\/\/facebook.com\/\"]}]}<\/script>\n<!-- \/ Yoast SEO plugin. -->","yoast_head_json":{"title":"Impressum - Kolping Second-Hand Shop Ansbach","robots":{"index":"index","follow":"follow","max-snippet":"max-snippet:-1","max-image-preview":"max-image-preview:large","max-video-preview":"max-video-preview:-1"},"canonical":"https:\/\/www.kolping-second-hand.shop\/ansbach\/impressum\/","og_locale":"de_DE","og_type":"article","og_title":"Impressum - Kolping Second-Hand Shop Ansbach","og_description":"Impressum Kolping-Dienstleistungs-GmbH Willy-Lessing-Stra\u00dfe 196047 Bamberg Sitz der Gesellschaft: Bamberg | Registergericht Bamberg\u00a0 HRB 3403USt-Id: DE190635595Gesch\u00e4ftsf\u00fchrer: Dirk Liebherr, Stefan Bothe E-Mail: info@kolpingservices.deTel. 0951 \/ 916710 Realisierung &amp; Umsetzung:Sachs Media \u2013 Online Marketing Agentur [&hellip;]","og_url":"https:\/\/www.kolping-second-hand.shop\/ansbach\/impressum\/","og_site_name":"Kolping Second-Hand Shop","article_publisher":"https:\/\/facebook.com\/","article_modified_time":"2026-03-12T08:30:06+00:00","twitter_card":"summary_large_image","twitter_misc":{"Gesch\u00e4tzte Lesezeit":"2\u00a0Minuten"},"schema":{"@context":"https:\/\/schema.org","@graph":[{"@type":"WebPage","@id":"https:\/\/www.kolping-second-hand.shop\/ansbach\/impressum\/","url":"https:\/\/www.kolping-second-hand.shop\/ansbach\/impressum\/","name":"Impressum - Kolping Second-Hand Shop Ansbach","isPartOf":{"@id":"https:\/\/www.kolping-second-hand.shop\/ansbach\/#website"},"datePublished":"2022-07-04T09:52:43+00:00","dateModified":"2026-03-12T08:30:06+00:00","breadcrumb":{"@id":"https:\/\/www.kolping-second-hand.shop\/ansbach\/impressum\/#breadcrumb"},"inLanguage":"de","potentialAction":[{"@type":"ReadAction","target":["https:\/\/www.kolping-second-hand.shop\/ansbach\/impressum\/"]}]},{"@type":"BreadcrumbList","@id":"https:\/\/www.kolping-second-hand.shop\/ansbach\/impressum\/#breadcrumb","itemListElement":[{"@type":"ListItem","position":1,"name":"Startseite","item":"https:\/\/www.kolping-second-hand.shop\/ansbach\/"},{"@type":"ListItem","position":2,"name":"Impressum"}]},{"@type":"WebSite","@id":"https:\/\/www.kolping-second-hand.shop\/ansbach\/#website","url":"https:\/\/www.kolping-second-hand.shop\/ansbach\/","name":"Kolping Second-Hand Shop","description":"","publisher":{"@id":"https:\/\/www.kolping-second-hand.shop\/ansbach\/#organization"},"potentialAction":[{"@type":"SearchAction","target":{"@type":"EntryPoint","urlTemplate":"https:\/\/www.kolping-second-hand.shop\/ansbach\/?s={search_term_string}"},"query-input":"required name=search_term_string"}],"inLanguage":"de"},{"@type":"Organization","@id":"https:\/\/www.kolping-second-hand.shop\/ansbach\/#organization","name":"Kolping Second-Hand Shop Ansbach","url":"https:\/\/www.kolping-second-hand.shop\/ansbach\/","logo":{"@type":"ImageObject","inLanguage":"de","@id":"https:\/\/www.kolping-second-hand.shop\/ansbach\/#\/schema\/logo\/image\/","url":"https:\/\/www.kolping-second-hand.shop\/ansbach\/wp-content\/uploads\/2022\/07\/logo-kolping.png","contentUrl":"https:\/\/www.kolping-second-hand.shop\/ansbach\/wp-content\/uploads\/2022\/07\/logo-kolping.png","width":220,"height":49,"caption":"Kolping Second-Hand Shop Ansbach"},"image":{"@id":"https:\/\/www.kolping-second-hand.shop\/ansbach\/#\/schema\/logo\/image\/"},"sameAs":["https:\/\/facebook.com\/"]}]}},"_links":{"self":[{"href":"https:\/\/www.kolping-second-hand.shop\/ansbach\/wp-json\/wp\/v2\/pages\/29","targetHints":{"allow":["GET"]}}],"collection":[{"href":"https:\/\/www.kolping-second-hand.shop\/ansbach\/wp-json\/wp\/v2\/pages"}],"about":[{"href":"https:\/\/www.kolping-second-hand.shop\/ansbach\/wp-json\/wp\/v2\/types\/page"}],"author":[{"embeddable":true,"href":"https:\/\/www.kolping-second-hand.shop\/ansbach\/wp-json\/wp\/v2\/users\/1"}],"replies":[{"embeddable":true,"href":"https:\/\/www.kolping-second-hand.shop\/ansbach\/wp-json\/wp\/v2\/comments?post=29"}],"version-history":[{"count":9,"href":"https:\/\/www.kolping-second-hand.shop\/ansbach\/wp-json\/wp\/v2\/pages\/29\/revisions"}],"predecessor-version":[{"id":338,"href":"https:\/\/www.kolping-second-hand.shop\/ansbach\/wp-json\/wp\/v2\/pages\/29\/revisions\/338"}],"wp:attachment":[{"href":"https:\/\/www.kolping-second-hand.shop\/ansbach\/wp-json\/wp\/v2\/media?parent=29"}],"curies":[{"name":"wp","href":"https:\/\/api.w.org\/{rel}","templated":true}]}}