{"id":61,"date":"2022-08-29T10:26:14","date_gmt":"2022-08-29T08:26:14","guid":{"rendered":"https:\/\/www.kolping-second-hand.shop\/lichtenfels\/?page_id=61"},"modified":"2026-01-31T11:03:03","modified_gmt":"2026-01-31T10:03:03","slug":"ueber-uns","status":"publish","type":"page","link":"https:\/\/www.kolping-second-hand.shop\/lichtenfels\/ueber-uns\/","title":{"rendered":"\u00dcber uns"},"content":{"rendered":"\n<h1 class=\"wp-block-heading has-text-align-center has-text-color\" style=\"color:#ff7c00\">Unsere Mission<\/h1>\n\n\n\n<h2 class=\"wp-block-heading has-text-align-center\">&#8211; Gebrauchte Waren zum&nbsp;<em>fairen&nbsp;<\/em>Preis &#8211;<\/h2>\n\n\n\n<div class=\"wp-block-group\"><div class=\"wp-block-group__inner-container is-layout-flow wp-block-group-is-layout-flow\">\n<p class=\"has-text-align-center has-white-color has-text-color\">g<\/p>\n\n\n<div class=\"wp-block-image\">\n<figure class=\"aligncenter size-large\"><img loading=\"lazy\" decoding=\"async\" width=\"1024\" height=\"377\" src=\"https:\/\/www.kolping-second-hand.shop\/lichtenfels\/wp-content\/uploads\/2026\/01\/kolp-lif-ue-uns-1-1024x377.png\" alt=\"\" class=\"wp-image-272\" srcset=\"https:\/\/www.kolping-second-hand.shop\/lichtenfels\/wp-content\/uploads\/2026\/01\/kolp-lif-ue-uns-1-1024x377.png 1024w, https:\/\/www.kolping-second-hand.shop\/lichtenfels\/wp-content\/uploads\/2026\/01\/kolp-lif-ue-uns-1-300x111.png 300w, https:\/\/www.kolping-second-hand.shop\/lichtenfels\/wp-content\/uploads\/2026\/01\/kolp-lif-ue-uns-1-768x283.png 768w, https:\/\/www.kolping-second-hand.shop\/lichtenfels\/wp-content\/uploads\/2026\/01\/kolp-lif-ue-uns-1.png 1080w\" sizes=\"auto, (max-width: 1024px) 100vw, 1024px\" \/><\/figure>\n<\/div>\n\n\n<p class=\"has-text-align-center\">Die Geschichte des Kolping Second-Hand Shops Lichtenfels umfasst inzwischen schon ein Jahrzehnt. \u00dcber viele Jahre hinweg, hat sich der Laden dem Wandel der Zeit angepasst, wobei Nachhaltigkeit und soziales Engagement schon immer die wichtigsten Punkte waren.<\/p>\n\n\n\n<p class=\"has-text-align-center has-white-color has-text-color\">g<\/p>\n\n\n\n<p class=\"has-text-align-center\">In unserem Laden arbeiten festangestellte Mitarbeiter sowie Menschen, die im Rahmen der Arbeitsgelegenheit (AGH) \u00fcber das Jobcenter vermittelt werden und Ableister von Sozialstunden Hand in Hand.<\/p>\n\n\n\n<p class=\"has-white-color has-text-color\">g<\/p>\n\n\n<div class=\"wp-block-image\">\n<figure class=\"aligncenter size-full\"><img loading=\"lazy\" decoding=\"async\" width=\"995\" height=\"372\" src=\"https:\/\/www.kolping-second-hand.shop\/lichtenfels\/wp-content\/uploads\/2026\/01\/kolp-lif-ue-uns-2.png\" alt=\"\" class=\"wp-image-273\" srcset=\"https:\/\/www.kolping-second-hand.shop\/lichtenfels\/wp-content\/uploads\/2026\/01\/kolp-lif-ue-uns-2.png 995w, https:\/\/www.kolping-second-hand.shop\/lichtenfels\/wp-content\/uploads\/2026\/01\/kolp-lif-ue-uns-2-300x112.png 300w, https:\/\/www.kolping-second-hand.shop\/lichtenfels\/wp-content\/uploads\/2026\/01\/kolp-lif-ue-uns-2-768x287.png 768w\" sizes=\"auto, (max-width: 995px) 100vw, 995px\" \/><\/figure>\n<\/div>\n\n\n<p class=\"has-text-align-center\">Und das immer nach dem Motto: <strong>NACHHALTIG &amp; SOZIAL.<\/strong><\/p>\n\n\n\n<p class=\"has-text-align-center\"><\/p>\n\n\n\n<p class=\"has-text-align-center\">(Zur Info: Entgegen anders lautender Meinungen, waren wir nie und sind wir&nbsp;<strong>kein&nbsp;<\/strong>Sozialkaufhaus!)&nbsp;<\/p>\n\n\n\n<p class=\"has-text-align-center\"><strong>BEI UNS KANN JEDER EINKAUFEN<\/strong><\/p>\n<\/div><\/div>\n\n\n\n<div style=\"height:60px\" aria-hidden=\"true\" class=\"wp-block-spacer\"><\/div>\n\n\n<div class=\"lazyblock-sm-grid-3-blank-1k47B4 align  wp-block-lazyblock-sm-grid-3-blank\"><section style=\"background: #ffffff\">\n  <div class=\"container\">\n    \n\n<h2 class=\"wp-block-heading has-text-align-center\">&#8211; Nachhaltigkeit wird bei uns gro\u00df geschrieben &#8211;<\/h2>\n\n\n\n<p class=\"has-text-align-center\">Kolping engagiert sich seit Jahren bei der R\u00fcckgewinnung von Rohstoffen durch strenge Sortierung.&nbsp;Bei uns bekommt fast alles eine 2. Chance und sollte es doch mal entsorgt werden m\u00fcssen &#8211; dann korrekt!&nbsp;<\/p>\n\n\n\n<p class=\"has-text-align-center\">N\u00e4here Informationen bez\u00fcglich unseren Nachhaltigkeitsstandards finden Sie&nbsp;<a href=\"https:\/\/www.kolping-second-hand.shop\/lichtenfels\/nachhaltigkeit\/\">hier.<\/a><\/p>\n\n\n\n<div style=\"height:30px\" aria-hidden=\"true\" class=\"wp-block-spacer\"><\/div>\n\n\n\n<p class=\"has-text-align-center\"><em>\u201eWir k\u00f6nnen viel, wenn wir nur nachhaltig wollen; wir k\u00f6nnen Gro\u00dfes, wenn t\u00fcchtige Kr\u00e4fte sich vereinen.\u201c<\/em><\/p>\n\n\n\n<p class=\"has-text-align-center\">Adolph Kolping<\/p>\n\n\n\n<p class=\"has-text-align-center\">(KS 2, S. 202)<\/p>\n\n  <\/div>\n<\/section><\/div>","protected":false},"excerpt":{"rendered":"<p>Unsere Mission &#8211; Gebrauchte Waren zum&nbsp;fairen&nbsp;Preis &#8211; g Die Geschichte des Kolping Second-Hand Shops Lichtenfels umfasst inzwischen schon ein Jahrzehnt. \u00dcber viele Jahre hinweg, hat sich der Laden dem Wandel der Zeit [&hellip;]<\/p>\n","protected":false},"author":1,"featured_media":0,"parent":0,"menu_order":0,"comment_status":"closed","ping_status":"closed","template":"","meta":{"pgc_sgb_lightbox_settings":"","footnotes":""},"class_list":["post-61","page","type-page","status-publish","hentry"],"yoast_head":"<!-- This site is optimized with the Yoast SEO plugin v22.8 - https:\/\/yoast.com\/wordpress\/plugins\/seo\/ -->\n<title>\u00dcber uns - Kolping Second-Hand Shop<\/title>\n<meta name=\"robots\" content=\"index, follow, max-snippet:-1, max-image-preview:large, max-video-preview:-1\" \/>\n<link rel=\"canonical\" href=\"https:\/\/www.kolping-second-hand.shop\/lichtenfels\/ueber-uns\/\" \/>\n<meta property=\"og:locale\" content=\"de_DE\" \/>\n<meta property=\"og:type\" content=\"article\" \/>\n<meta property=\"og:title\" content=\"\u00dcber uns - Kolping Second-Hand Shop\" \/>\n<meta property=\"og:description\" content=\"Unsere Mission &#8211; Gebrauchte Waren zum&nbsp;fairen&nbsp;Preis &#8211; g Die Geschichte des Kolping Second-Hand Shops Lichtenfels umfasst inzwischen schon ein Jahrzehnt. \u00dcber viele Jahre hinweg, hat sich der Laden dem Wandel der Zeit [&hellip;]\" \/>\n<meta property=\"og:url\" content=\"https:\/\/www.kolping-second-hand.shop\/lichtenfels\/ueber-uns\/\" \/>\n<meta property=\"og:site_name\" content=\"Kolping Second-Hand Shop\" \/>\n<meta property=\"article:publisher\" content=\"https:\/\/www.facebook.com\/profile.php?id=100069310591580\" \/>\n<meta property=\"article:modified_time\" content=\"2026-01-31T10:03:03+00:00\" \/>\n<meta property=\"og:image\" content=\"https:\/\/www.kolping-second-hand.shop\/lichtenfels\/wp-content\/uploads\/2026\/01\/kolp-lif-ue-uns-1-1024x377.png\" \/>\n<meta name=\"twitter:card\" content=\"summary_large_image\" \/>\n<meta name=\"twitter:label1\" content=\"Gesch\u00e4tzte Lesezeit\" \/>\n\t<meta name=\"twitter:data1\" content=\"2\u00a0Minuten\" \/>\n<script type=\"application\/ld+json\" class=\"yoast-schema-graph\">{\"@context\":\"https:\/\/schema.org\",\"@graph\":[{\"@type\":\"WebPage\",\"@id\":\"https:\/\/www.kolping-second-hand.shop\/lichtenfels\/ueber-uns\/\",\"url\":\"https:\/\/www.kolping-second-hand.shop\/lichtenfels\/ueber-uns\/\",\"name\":\"\u00dcber uns - Kolping Second-Hand Shop\",\"isPartOf\":{\"@id\":\"https:\/\/www.kolping-second-hand.shop\/lichtenfels\/#website\"},\"primaryImageOfPage\":{\"@id\":\"https:\/\/www.kolping-second-hand.shop\/lichtenfels\/ueber-uns\/#primaryimage\"},\"image\":{\"@id\":\"https:\/\/www.kolping-second-hand.shop\/lichtenfels\/ueber-uns\/#primaryimage\"},\"thumbnailUrl\":\"https:\/\/www.kolping-second-hand.shop\/lichtenfels\/wp-content\/uploads\/2026\/01\/kolp-lif-ue-uns-1-1024x377.png\",\"datePublished\":\"2022-08-29T08:26:14+00:00\",\"dateModified\":\"2026-01-31T10:03:03+00:00\",\"breadcrumb\":{\"@id\":\"https:\/\/www.kolping-second-hand.shop\/lichtenfels\/ueber-uns\/#breadcrumb\"},\"inLanguage\":\"de\",\"potentialAction\":[{\"@type\":\"ReadAction\",\"target\":[\"https:\/\/www.kolping-second-hand.shop\/lichtenfels\/ueber-uns\/\"]}]},{\"@type\":\"ImageObject\",\"inLanguage\":\"de\",\"@id\":\"https:\/\/www.kolping-second-hand.shop\/lichtenfels\/ueber-uns\/#primaryimage\",\"url\":\"https:\/\/www.kolping-second-hand.shop\/lichtenfels\/wp-content\/uploads\/2026\/01\/kolp-lif-ue-uns-1.png\",\"contentUrl\":\"https:\/\/www.kolping-second-hand.shop\/lichtenfels\/wp-content\/uploads\/2026\/01\/kolp-lif-ue-uns-1.png\",\"width\":1080,\"height\":398},{\"@type\":\"BreadcrumbList\",\"@id\":\"https:\/\/www.kolping-second-hand.shop\/lichtenfels\/ueber-uns\/#breadcrumb\",\"itemListElement\":[{\"@type\":\"ListItem\",\"position\":1,\"name\":\"Startseite\",\"item\":\"https:\/\/www.kolping-second-hand.shop\/lichtenfels\/\"},{\"@type\":\"ListItem\",\"position\":2,\"name\":\"\u00dcber uns\"}]},{\"@type\":\"WebSite\",\"@id\":\"https:\/\/www.kolping-second-hand.shop\/lichtenfels\/#website\",\"url\":\"https:\/\/www.kolping-second-hand.shop\/lichtenfels\/\",\"name\":\"Kolping Second-Hand Shop\",\"description\":\"Lichtenfels\",\"publisher\":{\"@id\":\"https:\/\/www.kolping-second-hand.shop\/lichtenfels\/#organization\"},\"potentialAction\":[{\"@type\":\"SearchAction\",\"target\":{\"@type\":\"EntryPoint\",\"urlTemplate\":\"https:\/\/www.kolping-second-hand.shop\/lichtenfels\/?s={search_term_string}\"},\"query-input\":\"required name=search_term_string\"}],\"inLanguage\":\"de\"},{\"@type\":\"Organization\",\"@id\":\"https:\/\/www.kolping-second-hand.shop\/lichtenfels\/#organization\",\"name\":\"Kolping Second-Hand Shop Lichtenfels\",\"url\":\"https:\/\/www.kolping-second-hand.shop\/lichtenfels\/\",\"logo\":{\"@type\":\"ImageObject\",\"inLanguage\":\"de\",\"@id\":\"https:\/\/www.kolping-second-hand.shop\/lichtenfels\/#\/schema\/logo\/image\/\",\"url\":\"https:\/\/www.kolping-second-hand.shop\/lichtenfels\/wp-content\/uploads\/2022\/08\/Logo-Kolping-Services.png\",\"contentUrl\":\"https:\/\/www.kolping-second-hand.shop\/lichtenfels\/wp-content\/uploads\/2022\/08\/Logo-Kolping-Services.png\",\"width\":597,\"height\":142,\"caption\":\"Kolping Second-Hand Shop Lichtenfels\"},\"image\":{\"@id\":\"https:\/\/www.kolping-second-hand.shop\/lichtenfels\/#\/schema\/logo\/image\/\"},\"sameAs\":[\"https:\/\/www.facebook.com\/profile.php?id=100069310591580\"]}]}<\/script>\n<!-- \/ Yoast SEO plugin. -->","yoast_head_json":{"title":"\u00dcber uns - Kolping Second-Hand Shop","robots":{"index":"index","follow":"follow","max-snippet":"max-snippet:-1","max-image-preview":"max-image-preview:large","max-video-preview":"max-video-preview:-1"},"canonical":"https:\/\/www.kolping-second-hand.shop\/lichtenfels\/ueber-uns\/","og_locale":"de_DE","og_type":"article","og_title":"\u00dcber uns - Kolping Second-Hand Shop","og_description":"Unsere Mission &#8211; Gebrauchte Waren zum&nbsp;fairen&nbsp;Preis &#8211; g Die Geschichte des Kolping Second-Hand Shops Lichtenfels umfasst inzwischen schon ein Jahrzehnt. \u00dcber viele Jahre hinweg, hat sich der Laden dem Wandel der Zeit [&hellip;]","og_url":"https:\/\/www.kolping-second-hand.shop\/lichtenfels\/ueber-uns\/","og_site_name":"Kolping Second-Hand Shop","article_publisher":"https:\/\/www.facebook.com\/profile.php?id=100069310591580","article_modified_time":"2026-01-31T10:03:03+00:00","og_image":[{"url":"https:\/\/www.kolping-second-hand.shop\/lichtenfels\/wp-content\/uploads\/2026\/01\/kolp-lif-ue-uns-1-1024x377.png"}],"twitter_card":"summary_large_image","twitter_misc":{"Gesch\u00e4tzte Lesezeit":"2\u00a0Minuten"},"schema":{"@context":"https:\/\/schema.org","@graph":[{"@type":"WebPage","@id":"https:\/\/www.kolping-second-hand.shop\/lichtenfels\/ueber-uns\/","url":"https:\/\/www.kolping-second-hand.shop\/lichtenfels\/ueber-uns\/","name":"\u00dcber uns - Kolping Second-Hand Shop","isPartOf":{"@id":"https:\/\/www.kolping-second-hand.shop\/lichtenfels\/#website"},"primaryImageOfPage":{"@id":"https:\/\/www.kolping-second-hand.shop\/lichtenfels\/ueber-uns\/#primaryimage"},"image":{"@id":"https:\/\/www.kolping-second-hand.shop\/lichtenfels\/ueber-uns\/#primaryimage"},"thumbnailUrl":"https:\/\/www.kolping-second-hand.shop\/lichtenfels\/wp-content\/uploads\/2026\/01\/kolp-lif-ue-uns-1-1024x377.png","datePublished":"2022-08-29T08:26:14+00:00","dateModified":"2026-01-31T10:03:03+00:00","breadcrumb":{"@id":"https:\/\/www.kolping-second-hand.shop\/lichtenfels\/ueber-uns\/#breadcrumb"},"inLanguage":"de","potentialAction":[{"@type":"ReadAction","target":["https:\/\/www.kolping-second-hand.shop\/lichtenfels\/ueber-uns\/"]}]},{"@type":"ImageObject","inLanguage":"de","@id":"https:\/\/www.kolping-second-hand.shop\/lichtenfels\/ueber-uns\/#primaryimage","url":"https:\/\/www.kolping-second-hand.shop\/lichtenfels\/wp-content\/uploads\/2026\/01\/kolp-lif-ue-uns-1.png","contentUrl":"https:\/\/www.kolping-second-hand.shop\/lichtenfels\/wp-content\/uploads\/2026\/01\/kolp-lif-ue-uns-1.png","width":1080,"height":398},{"@type":"BreadcrumbList","@id":"https:\/\/www.kolping-second-hand.shop\/lichtenfels\/ueber-uns\/#breadcrumb","itemListElement":[{"@type":"ListItem","position":1,"name":"Startseite","item":"https:\/\/www.kolping-second-hand.shop\/lichtenfels\/"},{"@type":"ListItem","position":2,"name":"\u00dcber uns"}]},{"@type":"WebSite","@id":"https:\/\/www.kolping-second-hand.shop\/lichtenfels\/#website","url":"https:\/\/www.kolping-second-hand.shop\/lichtenfels\/","name":"Kolping Second-Hand Shop","description":"Lichtenfels","publisher":{"@id":"https:\/\/www.kolping-second-hand.shop\/lichtenfels\/#organization"},"potentialAction":[{"@type":"SearchAction","target":{"@type":"EntryPoint","urlTemplate":"https:\/\/www.kolping-second-hand.shop\/lichtenfels\/?s={search_term_string}"},"query-input":"required name=search_term_string"}],"inLanguage":"de"},{"@type":"Organization","@id":"https:\/\/www.kolping-second-hand.shop\/lichtenfels\/#organization","name":"Kolping Second-Hand Shop Lichtenfels","url":"https:\/\/www.kolping-second-hand.shop\/lichtenfels\/","logo":{"@type":"ImageObject","inLanguage":"de","@id":"https:\/\/www.kolping-second-hand.shop\/lichtenfels\/#\/schema\/logo\/image\/","url":"https:\/\/www.kolping-second-hand.shop\/lichtenfels\/wp-content\/uploads\/2022\/08\/Logo-Kolping-Services.png","contentUrl":"https:\/\/www.kolping-second-hand.shop\/lichtenfels\/wp-content\/uploads\/2022\/08\/Logo-Kolping-Services.png","width":597,"height":142,"caption":"Kolping Second-Hand Shop Lichtenfels"},"image":{"@id":"https:\/\/www.kolping-second-hand.shop\/lichtenfels\/#\/schema\/logo\/image\/"},"sameAs":["https:\/\/www.facebook.com\/profile.php?id=100069310591580"]}]}},"_links":{"self":[{"href":"https:\/\/www.kolping-second-hand.shop\/lichtenfels\/wp-json\/wp\/v2\/pages\/61","targetHints":{"allow":["GET"]}}],"collection":[{"href":"https:\/\/www.kolping-second-hand.shop\/lichtenfels\/wp-json\/wp\/v2\/pages"}],"about":[{"href":"https:\/\/www.kolping-second-hand.shop\/lichtenfels\/wp-json\/wp\/v2\/types\/page"}],"author":[{"embeddable":true,"href":"https:\/\/www.kolping-second-hand.shop\/lichtenfels\/wp-json\/wp\/v2\/users\/1"}],"replies":[{"embeddable":true,"href":"https:\/\/www.kolping-second-hand.shop\/lichtenfels\/wp-json\/wp\/v2\/comments?post=61"}],"version-history":[{"count":6,"href":"https:\/\/www.kolping-second-hand.shop\/lichtenfels\/wp-json\/wp\/v2\/pages\/61\/revisions"}],"predecessor-version":[{"id":274,"href":"https:\/\/www.kolping-second-hand.shop\/lichtenfels\/wp-json\/wp\/v2\/pages\/61\/revisions\/274"}],"wp:attachment":[{"href":"https:\/\/www.kolping-second-hand.shop\/lichtenfels\/wp-json\/wp\/v2\/media?parent=61"}],"curies":[{"name":"wp","href":"https:\/\/api.w.org\/{rel}","templated":true}]}}