{"id":63,"date":"2022-08-29T10:26:40","date_gmt":"2022-08-29T08:26:40","guid":{"rendered":"https:\/\/www.kolping-second-hand.shop\/lichtenfels\/?page_id=63"},"modified":"2026-01-31T10:57:54","modified_gmt":"2026-01-31T09:57:54","slug":"warenannahme","status":"publish","type":"page","link":"https:\/\/www.kolping-second-hand.shop\/lichtenfels\/warenannahme\/","title":{"rendered":"Warenannahme"},"content":{"rendered":"\n<h1 class=\"wp-block-heading has-text-align-center has-text-color\" style=\"color:#ff7c00\">Warenannahme<\/h1>\n\n\n\n<h2 class=\"wp-block-heading has-text-align-center\">Ihre alten Gebrauchsgegenst\u00e4nde sind bei uns in guten H\u00e4nden<\/h2>\n\n\n<div class=\"wp-block-image\">\n<figure class=\"aligncenter size-large\"><img loading=\"lazy\" decoding=\"async\" width=\"1024\" height=\"383\" src=\"https:\/\/www.kolping-second-hand.shop\/lichtenfels\/wp-content\/uploads\/2026\/01\/kolp-lif-warenannah-1024x383.png\" alt=\"\" class=\"wp-image-269\" srcset=\"https:\/\/www.kolping-second-hand.shop\/lichtenfels\/wp-content\/uploads\/2026\/01\/kolp-lif-warenannah-1024x383.png 1024w, https:\/\/www.kolping-second-hand.shop\/lichtenfels\/wp-content\/uploads\/2026\/01\/kolp-lif-warenannah-300x112.png 300w, https:\/\/www.kolping-second-hand.shop\/lichtenfels\/wp-content\/uploads\/2026\/01\/kolp-lif-warenannah-768x288.png 768w, https:\/\/www.kolping-second-hand.shop\/lichtenfels\/wp-content\/uploads\/2026\/01\/kolp-lif-warenannah.png 1087w\" sizes=\"auto, (max-width: 1024px) 100vw, 1024px\" \/><\/figure>\n<\/div>\n\n\n<p class=\"has-white-color has-text-color\">Absatz<\/p>\n\n\n\n<p class=\"has-text-align-center\" id=\"block-883dcdd7-5e18-4077-bce1-1c2befa11f51\">Alle Waren, welche in unserem Laden zum Verkauf stehen, stammen aus Spenden von gro\u00dfz\u00fcgigen B\u00fcrgern.\u200b <br>Unsere Warenannahme befindet sich neuerdings auf der R\u00fcckseite des Geb\u00e4udes. <br><\/p>\n\n\n\n<p class=\"has-text-align-center\" id=\"block-883dcdd7-5e18-4077-bce1-1c2befa11f51\">Sie haben Gegenst\u00e4nde, welche Sie nicht mehr gebrauchen oder welche ausgedient haben, aber noch voll funktionsf\u00e4hig bzw. zu schade sind, um diese wegzuwerfen?&nbsp;<\/p>\n\n\n\n<p class=\"has-text-align-center\" id=\"block-99c815b6-75eb-4008-8113-3a9d1b4f0486\"><strong>Dann sind Sie bei uns Richtig.<\/strong><\/p>\n\n\n\n<p class=\"has-white-color has-text-color\">g<\/p>\n\n\n\n<p><\/p>\n\n\n\n<p class=\"has-text-align-center\" id=\"block-42a658b1-985a-4e01-a7d5-62fb50f9eb6b\"><em>\u00d6ffnungszeiten der Warenannahme:<\/em><\/p>\n\n\n\n<p class=\"has-text-align-center\" id=\"block-5346625c-9dcb-401c-9a5f-f2a6780e4dbe\"><strong>Montag bis Freitag : 10:00 &#8211; 17:30 Uhr<\/strong><\/p>\n\n\n\n<p class=\"has-text-align-center\" id=\"block-556d6f3d-82a4-421b-b652-06e6428fb631\"><strong>Samstag:&nbsp;10:00 &#8211; 13:30 Uhr<\/strong><\/p>\n\n\n\n<p class=\"has-white-color has-text-color\">g<\/p>\n\n\n\n<p><\/p>\n\n\n\n<p class=\"has-text-align-center\">Wir bitten um Verst\u00e4ndnis, dass wir nicht alle Waren annehmen k\u00f6nnen, sondern vor Ort selektieren m\u00fcssen. Wir k\u00f6nnen nur Waren in gutem Zustand (nicht besch\u00e4digt, nicht verschmutzt, nicht &#8222;veraltet&#8220;. o. \u00c4. annehmen).<\/p>\n\n\n\n<p class=\"has-text-align-center\"><strong>Das unerlaubte Abstellen von Waren ist nicht gestattet!<\/strong><\/p>\n","protected":false},"excerpt":{"rendered":"<p>Warenannahme Ihre alten Gebrauchsgegenst\u00e4nde sind bei uns in guten H\u00e4nden Absatz Alle Waren, welche in unserem Laden zum Verkauf stehen, stammen aus Spenden von gro\u00dfz\u00fcgigen B\u00fcrgern.\u200b Unsere Warenannahme befindet sich neuerdings auf [&hellip;]<\/p>\n","protected":false},"author":1,"featured_media":0,"parent":0,"menu_order":0,"comment_status":"closed","ping_status":"closed","template":"","meta":{"pgc_sgb_lightbox_settings":"","footnotes":""},"class_list":["post-63","page","type-page","status-publish","hentry"],"yoast_head":"<!-- This site is optimized with the Yoast SEO plugin v22.8 - https:\/\/yoast.com\/wordpress\/plugins\/seo\/ -->\n<title>Warenannahme - Kolping Second-Hand Shop<\/title>\n<meta name=\"robots\" content=\"index, follow, max-snippet:-1, max-image-preview:large, max-video-preview:-1\" \/>\n<link rel=\"canonical\" href=\"https:\/\/www.kolping-second-hand.shop\/lichtenfels\/warenannahme\/\" \/>\n<meta property=\"og:locale\" content=\"de_DE\" \/>\n<meta property=\"og:type\" content=\"article\" \/>\n<meta property=\"og:title\" content=\"Warenannahme - Kolping Second-Hand Shop\" \/>\n<meta property=\"og:description\" content=\"Warenannahme Ihre alten Gebrauchsgegenst\u00e4nde sind bei uns in guten H\u00e4nden Absatz Alle Waren, welche in unserem Laden zum Verkauf stehen, stammen aus Spenden von gro\u00dfz\u00fcgigen B\u00fcrgern.\u200b Unsere Warenannahme befindet sich neuerdings auf [&hellip;]\" \/>\n<meta property=\"og:url\" content=\"https:\/\/www.kolping-second-hand.shop\/lichtenfels\/warenannahme\/\" \/>\n<meta property=\"og:site_name\" content=\"Kolping Second-Hand Shop\" \/>\n<meta property=\"article:publisher\" content=\"https:\/\/www.facebook.com\/profile.php?id=100069310591580\" \/>\n<meta property=\"article:modified_time\" content=\"2026-01-31T09:57:54+00:00\" \/>\n<meta property=\"og:image\" content=\"https:\/\/www.kolping-second-hand.shop\/lichtenfels\/wp-content\/uploads\/2026\/01\/kolp-lif-warenannah-1024x383.png\" \/>\n<meta name=\"twitter:card\" content=\"summary_large_image\" \/>\n<meta name=\"twitter:label1\" content=\"Gesch\u00e4tzte Lesezeit\" \/>\n\t<meta name=\"twitter:data1\" content=\"1\u00a0Minute\" \/>\n<script type=\"application\/ld+json\" class=\"yoast-schema-graph\">{\"@context\":\"https:\/\/schema.org\",\"@graph\":[{\"@type\":\"WebPage\",\"@id\":\"https:\/\/www.kolping-second-hand.shop\/lichtenfels\/warenannahme\/\",\"url\":\"https:\/\/www.kolping-second-hand.shop\/lichtenfels\/warenannahme\/\",\"name\":\"Warenannahme - Kolping Second-Hand Shop\",\"isPartOf\":{\"@id\":\"https:\/\/www.kolping-second-hand.shop\/lichtenfels\/#website\"},\"primaryImageOfPage\":{\"@id\":\"https:\/\/www.kolping-second-hand.shop\/lichtenfels\/warenannahme\/#primaryimage\"},\"image\":{\"@id\":\"https:\/\/www.kolping-second-hand.shop\/lichtenfels\/warenannahme\/#primaryimage\"},\"thumbnailUrl\":\"https:\/\/www.kolping-second-hand.shop\/lichtenfels\/wp-content\/uploads\/2026\/01\/kolp-lif-warenannah-1024x383.png\",\"datePublished\":\"2022-08-29T08:26:40+00:00\",\"dateModified\":\"2026-01-31T09:57:54+00:00\",\"breadcrumb\":{\"@id\":\"https:\/\/www.kolping-second-hand.shop\/lichtenfels\/warenannahme\/#breadcrumb\"},\"inLanguage\":\"de\",\"potentialAction\":[{\"@type\":\"ReadAction\",\"target\":[\"https:\/\/www.kolping-second-hand.shop\/lichtenfels\/warenannahme\/\"]}]},{\"@type\":\"ImageObject\",\"inLanguage\":\"de\",\"@id\":\"https:\/\/www.kolping-second-hand.shop\/lichtenfels\/warenannahme\/#primaryimage\",\"url\":\"https:\/\/www.kolping-second-hand.shop\/lichtenfels\/wp-content\/uploads\/2026\/01\/kolp-lif-warenannah.png\",\"contentUrl\":\"https:\/\/www.kolping-second-hand.shop\/lichtenfels\/wp-content\/uploads\/2026\/01\/kolp-lif-warenannah.png\",\"width\":1087,\"height\":407},{\"@type\":\"BreadcrumbList\",\"@id\":\"https:\/\/www.kolping-second-hand.shop\/lichtenfels\/warenannahme\/#breadcrumb\",\"itemListElement\":[{\"@type\":\"ListItem\",\"position\":1,\"name\":\"Startseite\",\"item\":\"https:\/\/www.kolping-second-hand.shop\/lichtenfels\/\"},{\"@type\":\"ListItem\",\"position\":2,\"name\":\"Warenannahme\"}]},{\"@type\":\"WebSite\",\"@id\":\"https:\/\/www.kolping-second-hand.shop\/lichtenfels\/#website\",\"url\":\"https:\/\/www.kolping-second-hand.shop\/lichtenfels\/\",\"name\":\"Kolping Second-Hand Shop\",\"description\":\"Lichtenfels\",\"publisher\":{\"@id\":\"https:\/\/www.kolping-second-hand.shop\/lichtenfels\/#organization\"},\"potentialAction\":[{\"@type\":\"SearchAction\",\"target\":{\"@type\":\"EntryPoint\",\"urlTemplate\":\"https:\/\/www.kolping-second-hand.shop\/lichtenfels\/?s={search_term_string}\"},\"query-input\":\"required name=search_term_string\"}],\"inLanguage\":\"de\"},{\"@type\":\"Organization\",\"@id\":\"https:\/\/www.kolping-second-hand.shop\/lichtenfels\/#organization\",\"name\":\"Kolping Second-Hand Shop Lichtenfels\",\"url\":\"https:\/\/www.kolping-second-hand.shop\/lichtenfels\/\",\"logo\":{\"@type\":\"ImageObject\",\"inLanguage\":\"de\",\"@id\":\"https:\/\/www.kolping-second-hand.shop\/lichtenfels\/#\/schema\/logo\/image\/\",\"url\":\"https:\/\/www.kolping-second-hand.shop\/lichtenfels\/wp-content\/uploads\/2022\/08\/Logo-Kolping-Services.png\",\"contentUrl\":\"https:\/\/www.kolping-second-hand.shop\/lichtenfels\/wp-content\/uploads\/2022\/08\/Logo-Kolping-Services.png\",\"width\":597,\"height\":142,\"caption\":\"Kolping Second-Hand Shop Lichtenfels\"},\"image\":{\"@id\":\"https:\/\/www.kolping-second-hand.shop\/lichtenfels\/#\/schema\/logo\/image\/\"},\"sameAs\":[\"https:\/\/www.facebook.com\/profile.php?id=100069310591580\"]}]}<\/script>\n<!-- \/ Yoast SEO plugin. -->","yoast_head_json":{"title":"Warenannahme - Kolping Second-Hand Shop","robots":{"index":"index","follow":"follow","max-snippet":"max-snippet:-1","max-image-preview":"max-image-preview:large","max-video-preview":"max-video-preview:-1"},"canonical":"https:\/\/www.kolping-second-hand.shop\/lichtenfels\/warenannahme\/","og_locale":"de_DE","og_type":"article","og_title":"Warenannahme - Kolping Second-Hand Shop","og_description":"Warenannahme Ihre alten Gebrauchsgegenst\u00e4nde sind bei uns in guten H\u00e4nden Absatz Alle Waren, welche in unserem Laden zum Verkauf stehen, stammen aus Spenden von gro\u00dfz\u00fcgigen B\u00fcrgern.\u200b Unsere Warenannahme befindet sich neuerdings auf [&hellip;]","og_url":"https:\/\/www.kolping-second-hand.shop\/lichtenfels\/warenannahme\/","og_site_name":"Kolping Second-Hand Shop","article_publisher":"https:\/\/www.facebook.com\/profile.php?id=100069310591580","article_modified_time":"2026-01-31T09:57:54+00:00","og_image":[{"url":"https:\/\/www.kolping-second-hand.shop\/lichtenfels\/wp-content\/uploads\/2026\/01\/kolp-lif-warenannah-1024x383.png"}],"twitter_card":"summary_large_image","twitter_misc":{"Gesch\u00e4tzte Lesezeit":"1\u00a0Minute"},"schema":{"@context":"https:\/\/schema.org","@graph":[{"@type":"WebPage","@id":"https:\/\/www.kolping-second-hand.shop\/lichtenfels\/warenannahme\/","url":"https:\/\/www.kolping-second-hand.shop\/lichtenfels\/warenannahme\/","name":"Warenannahme - Kolping Second-Hand Shop","isPartOf":{"@id":"https:\/\/www.kolping-second-hand.shop\/lichtenfels\/#website"},"primaryImageOfPage":{"@id":"https:\/\/www.kolping-second-hand.shop\/lichtenfels\/warenannahme\/#primaryimage"},"image":{"@id":"https:\/\/www.kolping-second-hand.shop\/lichtenfels\/warenannahme\/#primaryimage"},"thumbnailUrl":"https:\/\/www.kolping-second-hand.shop\/lichtenfels\/wp-content\/uploads\/2026\/01\/kolp-lif-warenannah-1024x383.png","datePublished":"2022-08-29T08:26:40+00:00","dateModified":"2026-01-31T09:57:54+00:00","breadcrumb":{"@id":"https:\/\/www.kolping-second-hand.shop\/lichtenfels\/warenannahme\/#breadcrumb"},"inLanguage":"de","potentialAction":[{"@type":"ReadAction","target":["https:\/\/www.kolping-second-hand.shop\/lichtenfels\/warenannahme\/"]}]},{"@type":"ImageObject","inLanguage":"de","@id":"https:\/\/www.kolping-second-hand.shop\/lichtenfels\/warenannahme\/#primaryimage","url":"https:\/\/www.kolping-second-hand.shop\/lichtenfels\/wp-content\/uploads\/2026\/01\/kolp-lif-warenannah.png","contentUrl":"https:\/\/www.kolping-second-hand.shop\/lichtenfels\/wp-content\/uploads\/2026\/01\/kolp-lif-warenannah.png","width":1087,"height":407},{"@type":"BreadcrumbList","@id":"https:\/\/www.kolping-second-hand.shop\/lichtenfels\/warenannahme\/#breadcrumb","itemListElement":[{"@type":"ListItem","position":1,"name":"Startseite","item":"https:\/\/www.kolping-second-hand.shop\/lichtenfels\/"},{"@type":"ListItem","position":2,"name":"Warenannahme"}]},{"@type":"WebSite","@id":"https:\/\/www.kolping-second-hand.shop\/lichtenfels\/#website","url":"https:\/\/www.kolping-second-hand.shop\/lichtenfels\/","name":"Kolping Second-Hand Shop","description":"Lichtenfels","publisher":{"@id":"https:\/\/www.kolping-second-hand.shop\/lichtenfels\/#organization"},"potentialAction":[{"@type":"SearchAction","target":{"@type":"EntryPoint","urlTemplate":"https:\/\/www.kolping-second-hand.shop\/lichtenfels\/?s={search_term_string}"},"query-input":"required name=search_term_string"}],"inLanguage":"de"},{"@type":"Organization","@id":"https:\/\/www.kolping-second-hand.shop\/lichtenfels\/#organization","name":"Kolping Second-Hand Shop Lichtenfels","url":"https:\/\/www.kolping-second-hand.shop\/lichtenfels\/","logo":{"@type":"ImageObject","inLanguage":"de","@id":"https:\/\/www.kolping-second-hand.shop\/lichtenfels\/#\/schema\/logo\/image\/","url":"https:\/\/www.kolping-second-hand.shop\/lichtenfels\/wp-content\/uploads\/2022\/08\/Logo-Kolping-Services.png","contentUrl":"https:\/\/www.kolping-second-hand.shop\/lichtenfels\/wp-content\/uploads\/2022\/08\/Logo-Kolping-Services.png","width":597,"height":142,"caption":"Kolping Second-Hand Shop Lichtenfels"},"image":{"@id":"https:\/\/www.kolping-second-hand.shop\/lichtenfels\/#\/schema\/logo\/image\/"},"sameAs":["https:\/\/www.facebook.com\/profile.php?id=100069310591580"]}]}},"_links":{"self":[{"href":"https:\/\/www.kolping-second-hand.shop\/lichtenfels\/wp-json\/wp\/v2\/pages\/63","targetHints":{"allow":["GET"]}}],"collection":[{"href":"https:\/\/www.kolping-second-hand.shop\/lichtenfels\/wp-json\/wp\/v2\/pages"}],"about":[{"href":"https:\/\/www.kolping-second-hand.shop\/lichtenfels\/wp-json\/wp\/v2\/types\/page"}],"author":[{"embeddable":true,"href":"https:\/\/www.kolping-second-hand.shop\/lichtenfels\/wp-json\/wp\/v2\/users\/1"}],"replies":[{"embeddable":true,"href":"https:\/\/www.kolping-second-hand.shop\/lichtenfels\/wp-json\/wp\/v2\/comments?post=63"}],"version-history":[{"count":14,"href":"https:\/\/www.kolping-second-hand.shop\/lichtenfels\/wp-json\/wp\/v2\/pages\/63\/revisions"}],"predecessor-version":[{"id":270,"href":"https:\/\/www.kolping-second-hand.shop\/lichtenfels\/wp-json\/wp\/v2\/pages\/63\/revisions\/270"}],"wp:attachment":[{"href":"https:\/\/www.kolping-second-hand.shop\/lichtenfels\/wp-json\/wp\/v2\/media?parent=63"}],"curies":[{"name":"wp","href":"https:\/\/api.w.org\/{rel}","templated":true}]}}